[INFO] fetching crate display-link 0.2.0...
[INFO] checking display-link-0.2.0 against master#af3c6e733a40e671550e0f0f5aeecaa13772ba56 for pr-74989
[INFO] extracting crate display-link 0.2.0 into /workspace/builds/worker-1/source
[INFO] validating manifest of crates.io crate display-link 0.2.0 on toolchain af3c6e733a40e671550e0f0f5aeecaa13772ba56
[INFO] running `Command { std: "/workspace/cargo-home/bin/cargo" "+af3c6e733a40e671550e0f0f5aeecaa13772ba56" "read-manifest" "--manifest-path" "Cargo.toml", kill_on_drop: false }`
[INFO] started tweaking crates.io crate display-link 0.2.0
[INFO] finished tweaking crates.io crate display-link 0.2.0
[INFO] tweaked toml for crates.io crate display-link 0.2.0 written to /workspace/builds/worker-1/source/Cargo.toml
[INFO] running `Command { std: "/workspace/cargo-home/bin/cargo" "+af3c6e733a40e671550e0f0f5aeecaa13772ba56" "generate-lockfile" "--manifest-path" "Cargo.toml" "-Zno-index-update", kill_on_drop: false }`
[INFO] [stderr]     Blocking waiting for file lock on package cache
[INFO] running `Command { std: "/workspace/cargo-home/bin/cargo" "+af3c6e733a40e671550e0f0f5aeecaa13772ba56" "fetch" "--locked" "--manifest-path" "Cargo.toml", kill_on_drop: false }`
[INFO] [stderr]     Blocking waiting for file lock on package cache
[INFO] running `Command { std: "docker" "create" "-v" "/var/lib/crater-agent-workspace/builds/worker-1/target:/opt/rustwide/target:rw,Z" "-v" "/var/lib/crater-agent-workspace/builds/worker-1/source:/opt/rustwide/workdir:ro,Z" "-v" "/var/lib/crater-agent-workspace/cargo-home:/opt/rustwide/cargo-home:ro,Z" "-v" "/var/lib/crater-agent-workspace/rustup-home:/opt/rustwide/rustup-home:ro,Z" "-e" "SOURCE_DIR=/opt/rustwide/workdir" "-e" "CARGO_TARGET_DIR=/opt/rustwide/target" "-e" "CARGO_HOME=/opt/rustwide/cargo-home" "-e" "RUSTUP_HOME=/opt/rustwide/rustup-home" "-w" "/opt/rustwide/workdir" "-m" "1610612736" "--user" "0:0" "--network" "none" "rustops/crates-build-env@sha256:d92eaeed33fa75130ca1ee6c8a01d1ffb62bac859dfdfb3450e3e5d1c0146529" "/opt/rustwide/cargo-home/bin/cargo" "+af3c6e733a40e671550e0f0f5aeecaa13772ba56" "metadata" "--no-deps" "--format-version=1", kill_on_drop: false }`
[INFO] [stdout] fcbdda53a9065885f1c8d519a5f66e699b7bdef38d5e7e6c90297ef9ac7acf58
[INFO] [stderr] WARNING: Your kernel does not support swap limit capabilities or the cgroup is not mounted. Memory limited without swap.
[INFO] running `Command { std: "docker" "start" "-a" "fcbdda53a9065885f1c8d519a5f66e699b7bdef38d5e7e6c90297ef9ac7acf58", kill_on_drop: false }`
[INFO] running `Command { std: "docker" "inspect" "fcbdda53a9065885f1c8d519a5f66e699b7bdef38d5e7e6c90297ef9ac7acf58", kill_on_drop: false }`
[INFO] running `Command { std: "docker" "rm" "-f" "fcbdda53a9065885f1c8d519a5f66e699b7bdef38d5e7e6c90297ef9ac7acf58", kill_on_drop: false }`
[INFO] [stdout] fcbdda53a9065885f1c8d519a5f66e699b7bdef38d5e7e6c90297ef9ac7acf58
[INFO] running `Command { std: "docker" "create" "-v" "/var/lib/crater-agent-workspace/builds/worker-1/target:/opt/rustwide/target:rw,Z" "-v" "/var/lib/crater-agent-workspace/builds/worker-1/source:/opt/rustwide/workdir:ro,Z" "-v" "/var/lib/crater-agent-workspace/cargo-home:/opt/rustwide/cargo-home:ro,Z" "-v" "/var/lib/crater-agent-workspace/rustup-home:/opt/rustwide/rustup-home:ro,Z" "-e" "SOURCE_DIR=/opt/rustwide/workdir" "-e" "CARGO_TARGET_DIR=/opt/rustwide/target" "-e" "CARGO_INCREMENTAL=0" "-e" "RUST_BACKTRACE=full" "-e" "RUSTFLAGS=--cap-lints=forbid" "-e" "CARGO_HOME=/opt/rustwide/cargo-home" "-e" "RUSTUP_HOME=/opt/rustwide/rustup-home" "-w" "/opt/rustwide/workdir" "-m" "1610612736" "--user" "0:0" "--network" "none" "rustops/crates-build-env@sha256:d92eaeed33fa75130ca1ee6c8a01d1ffb62bac859dfdfb3450e3e5d1c0146529" "/opt/rustwide/cargo-home/bin/cargo" "+af3c6e733a40e671550e0f0f5aeecaa13772ba56" "check" "--frozen" "--all" "--all-targets" "--message-format=json", kill_on_drop: false }`
[INFO] [stdout] 9d2eaad7a1f013c1dbc40dd99ff2a175f8388ddcb7b0aed88fc8beea4d63f580
[INFO] [stderr] WARNING: Your kernel does not support swap limit capabilities or the cgroup is not mounted. Memory limited without swap.
[INFO] running `Command { std: "docker" "start" "-a" "9d2eaad7a1f013c1dbc40dd99ff2a175f8388ddcb7b0aed88fc8beea4d63f580", kill_on_drop: false }`
[INFO] [stderr]     Checking time-point v0.1.1
[INFO] [stderr]     Checking display-link v0.2.0 (/opt/rustwide/workdir)
[INFO] [stdout] error[E0433]: failed to resolve: use of undeclared type or module `PlatformDisplayLink`
[INFO] [stdout]   --> src/lib.rs:57:9
[INFO] [stdout]    |
[INFO] [stdout] 57 |         PlatformDisplayLink::new(callback).map(DisplayLink)
[INFO] [stdout]    |         ^^^^^^^^^^^^^^^^^^^ use of undeclared type or module `PlatformDisplayLink`
[INFO] [stdout] 
[INFO] [stdout] 
[INFO] [stdout] error[E0412]: cannot find type `PlatformDisplayLink` in this scope
[INFO] [stdout]   --> src/lib.rs:41:24
[INFO] [stdout]    |
[INFO] [stdout] 41 | pub struct DisplayLink(PlatformDisplayLink);
[INFO] [stdout]    |                        ^^^^^^^^^^^^^^^^^^^ not found in this scope
[INFO] [stdout] 
[INFO] [stdout] 
[INFO] [stdout] error: aborting due to 2 previous errors
[INFO] [stdout] 
[INFO] [stdout] 
[INFO] [stdout] Some errors have detailed explanations: E0412, E0433.
[INFO] [stdout] 
[INFO] [stdout] For more information about an error, try `rustc --explain E0412`.
[INFO] [stdout] 
[INFO] [stderr] error: could not compile `display-link`.
[INFO] [stderr] 
[INFO] [stderr] To learn more, run the command again with --verbose.
[INFO] [stderr] warning: build failed, waiting for other jobs to finish...
[INFO] [stdout] error[E0433]: failed to resolve: use of undeclared type or module `PlatformDisplayLink`
[INFO] [stdout]   --> src/lib.rs:57:9
[INFO] [stdout]    |
[INFO] [stdout] 57 |         PlatformDisplayLink::new(callback).map(DisplayLink)
[INFO] [stdout]    |         ^^^^^^^^^^^^^^^^^^^ use of undeclared type or module `PlatformDisplayLink`
[INFO] [stdout] 
[INFO] [stdout] 
[INFO] [stdout] error[E0412]: cannot find type `PlatformDisplayLink` in this scope
[INFO] [stdout]   --> src/lib.rs:41:24
[INFO] [stdout]    |
[INFO] [stdout] 41 | pub struct DisplayLink(PlatformDisplayLink);
[INFO] [stdout]    |                        ^^^^^^^^^^^^^^^^^^^ not found in this scope
[INFO] [stdout] 
[INFO] [stdout] 
[INFO] [stdout] error: aborting due to 2 previous errors
[INFO] [stdout] 
[INFO] [stdout] 
[INFO] [stdout] Some errors have detailed explanations: E0412, E0433.
[INFO] [stdout] 
[INFO] [stdout] For more information about an error, try `rustc --explain E0412`.
[INFO] [stdout] 
[INFO] [stderr] error: build failed
[INFO] running `Command { std: "docker" "inspect" "9d2eaad7a1f013c1dbc40dd99ff2a175f8388ddcb7b0aed88fc8beea4d63f580", kill_on_drop: false }`
[INFO] running `Command { std: "docker" "rm" "-f" "9d2eaad7a1f013c1dbc40dd99ff2a175f8388ddcb7b0aed88fc8beea4d63f580", kill_on_drop: false }`
[INFO] [stdout] 9d2eaad7a1f013c1dbc40dd99ff2a175f8388ddcb7b0aed88fc8beea4d63f580
